{"id":6805,"date":"2026-02-12T08:15:58","date_gmt":"2026-02-12T08:15:58","guid":{"rendered":"https:\/\/suveleht.ee\/?post_type=product&#038;p=6805"},"modified":"2026-02-12T08:16:49","modified_gmt":"2026-02-12T08:16:49","slug":"andre-447m2-sektsioonuksega","status":"publish","type":"product","link":"https:\/\/suveleht.ee\/en\/toode\/andre-447m2-sektsioonuksega\/","title":{"rendered":"Andre 44,7m2 sektsioonuksega"},"content":{"rendered":"","protected":false},"excerpt":{"rendered":"<p>\u2022\tTASUTA TRANSPORT<br \/>\n\u2022\t5 AASTAT GARANTII<\/p>\n<p>Komplekt sisaldab k\u00f5iki paigaldamiseks vajaminevaid detaile: kastetud vundamendiprussid, Katuselauad, seinaelemendid tuulet\u00f5kkekilega, peensaetud v\u00e4lislaadis, pakettklaas, uksed, aken, metallist veeliist, silinderlukk, kinnitusvahendid.<br \/>\nKatusekattematerjal standardkomplekti ei kuulu.<\/p>\n<p>Ehitus: Seinaelement<br \/>\nPindala v\u00e4lispiirdest: 49,1 m2<br \/>\nPindala: 44,7 m2<br \/>\nRuumala: 142 m3<br \/>\nSeina paksus: 18 mm<br \/>\nSeina k\u00f5rgus: 216 cm<br \/>\nKoguk\u00f5rgus: 357 cm<br \/>\nKatuse \u00fcleulatuvus: 20 cm<br \/>\nKatuse pindala: 60 m2<br \/>\nKatusekalle: 20\u00b0<br \/>\nKatuselauad: 19 mm<br \/>\nUkseava: 78&#215;191 cm<br \/>\n221&#215;205 cm<br \/>\nAknaava m\u00f5\u00f5dud: 68x37cm<br \/>\nPakend: 7,1&#215;1,2&#215;1,3m 1380kg<br \/>\n6,5&#215;1,2&#215;1,2m 1400kg<br \/>\n2,3&#215;0,4&#215;0,7m 156kg<br \/>\n2,3&#215;0,4&#215;0,7m 156kg<\/p>\n","protected":false},"featured_media":6806,"template":"","meta":{"inline_featured_image":false},"product_brand":[],"product_cat":[51],"product_tag":[],"class_list":{"0":"post-6805","1":"product","2":"type-product","3":"status-publish","4":"has-post-thumbnail","6":"product_cat-garaazid","8":"first","9":"instock","10":"taxable","11":"shipping-taxable","12":"purchasable","13":"product-type-simple"},"yoast_head":"<!-- This site is optimized with the Yoast SEO plugin v27.3 - https:\/\/yoast.com\/product\/yoast-seo-wordpress\/ -->\n<title>Andre 44,7m2 sektsioonuksega - Suveleht<\/title>\n<meta name=\"robots\" content=\"index, follow, max-snippet:-1, max-image-preview:large, max-video-preview:-1\" \/>\n<link rel=\"canonical\" href=\"https:\/\/suveleht.ee\/toode\/andre-447m2-sektsioonuksega\/\" \/>\n<meta property=\"og:locale\" content=\"en_US\" \/>\n<meta property=\"og:type\" content=\"article\" \/>\n<meta property=\"og:title\" content=\"Andre 44,7m2 sektsioonuksega - Suveleht\" \/>\n<meta property=\"og:description\" content=\"\u2022 TASUTA TRANSPORT \u2022 5 AASTAT GARANTII  Komplekt sisaldab k\u00f5iki paigaldamiseks vajaminevaid detaile: kastetud vundamendiprussid, Katuselauad, seinaelemendid tuulet\u00f5kkekilega, peensaetud v\u00e4lislaadis, pakettklaas, uksed, aken, metallist veeliist, silinderlukk, kinnitusvahendid. Katusekattematerjal standardkomplekti ei kuulu.  Ehitus: Seinaelement Pindala v\u00e4lispiirdest: 49,1 m2 Pindala: 44,7 m2 Ruumala: 142 m3 Seina paksus: 18 mm Seina k\u00f5rgus: 216 cm Koguk\u00f5rgus: 357 cm Katuse \u00fcleulatuvus: 20 cm Katuse pindala: 60 m2 Katusekalle: 20\u00b0 Katuselauad: 19 mm Ukseava: 78x191 cm 221x205 cm Aknaava m\u00f5\u00f5dud: 68x37cm Pakend: 7,1x1,2x1,3m 1380kg 6,5x1,2x1,2m 1400kg 2,3x0,4x0,7m 156kg 2,3x0,4x0,7m 156kg\" \/>\n<meta property=\"og:url\" content=\"https:\/\/suveleht.ee\/toode\/andre-447m2-sektsioonuksega\/\" \/>\n<meta property=\"og:site_name\" content=\"Suveleht\" \/>\n<meta property=\"article:modified_time\" content=\"2026-02-12T08:16:49+00:00\" \/>\n<meta property=\"og:image\" content=\"http:\/\/suveleht.ee\/wp-content\/uploads\/2026\/02\/1_Palmako_garage_Andre_447_m2_sectional_door_NATURAL_wb.jpg\" \/>\n\t<meta property=\"og:image:width\" content=\"1200\" \/>\n\t<meta property=\"og:image:height\" content=\"900\" \/>\n\t<meta property=\"og:image:type\" content=\"image\/jpeg\" \/>\n<meta name=\"twitter:card\" content=\"summary_large_image\" \/>\n<meta name=\"twitter:label1\" content=\"Est. reading time\" \/>\n\t<meta name=\"twitter:data1\" content=\"1 minute\" \/>\n<script type=\"application\/ld+json\" class=\"yoast-schema-graph\">{\"@context\":\"https:\\\/\\\/schema.org\",\"@graph\":[{\"@type\":\"WebPage\",\"@id\":\"https:\\\/\\\/suveleht.ee\\\/toode\\\/andre-447m2-sektsioonuksega\\\/\",\"url\":\"https:\\\/\\\/suveleht.ee\\\/toode\\\/andre-447m2-sektsioonuksega\\\/\",\"name\":\"Andre 44,7m2 sektsioonuksega - Suveleht\",\"isPartOf\":{\"@id\":\"https:\\\/\\\/suveleht.ee\\\/#website\"},\"primaryImageOfPage\":{\"@id\":\"https:\\\/\\\/suveleht.ee\\\/toode\\\/andre-447m2-sektsioonuksega\\\/#primaryimage\"},\"image\":{\"@id\":\"https:\\\/\\\/suveleht.ee\\\/toode\\\/andre-447m2-sektsioonuksega\\\/#primaryimage\"},\"thumbnailUrl\":\"https:\\\/\\\/suveleht.ee\\\/wp-content\\\/uploads\\\/2026\\\/02\\\/1_Palmako_garage_Andre_447_m2_sectional_door_NATURAL_wb.jpg\",\"datePublished\":\"2026-02-12T08:15:58+00:00\",\"dateModified\":\"2026-02-12T08:16:49+00:00\",\"breadcrumb\":{\"@id\":\"https:\\\/\\\/suveleht.ee\\\/toode\\\/andre-447m2-sektsioonuksega\\\/#breadcrumb\"},\"inLanguage\":\"en-US\",\"potentialAction\":[{\"@type\":\"ReadAction\",\"target\":[\"https:\\\/\\\/suveleht.ee\\\/toode\\\/andre-447m2-sektsioonuksega\\\/\"]}]},{\"@type\":\"ImageObject\",\"inLanguage\":\"en-US\",\"@id\":\"https:\\\/\\\/suveleht.ee\\\/toode\\\/andre-447m2-sektsioonuksega\\\/#primaryimage\",\"url\":\"https:\\\/\\\/suveleht.ee\\\/wp-content\\\/uploads\\\/2026\\\/02\\\/1_Palmako_garage_Andre_447_m2_sectional_door_NATURAL_wb.jpg\",\"contentUrl\":\"https:\\\/\\\/suveleht.ee\\\/wp-content\\\/uploads\\\/2026\\\/02\\\/1_Palmako_garage_Andre_447_m2_sectional_door_NATURAL_wb.jpg\",\"width\":1200,\"height\":900},{\"@type\":\"BreadcrumbList\",\"@id\":\"https:\\\/\\\/suveleht.ee\\\/toode\\\/andre-447m2-sektsioonuksega\\\/#breadcrumb\",\"itemListElement\":[{\"@type\":\"ListItem\",\"position\":1,\"name\":\"Home\",\"item\":\"https:\\\/\\\/suveleht.ee\\\/\"},{\"@type\":\"ListItem\",\"position\":2,\"name\":\"Tooted\",\"item\":\"https:\\\/\\\/suveleht.ee\\\/tooted\\\/\"},{\"@type\":\"ListItem\",\"position\":3,\"name\":\"Andre 44,7m2 sektsioonuksega\"}]},{\"@type\":\"WebSite\",\"@id\":\"https:\\\/\\\/suveleht.ee\\\/#website\",\"url\":\"https:\\\/\\\/suveleht.ee\\\/\",\"name\":\"Suveleht\",\"description\":\"Eestis toodetud aiamajad, m\u00e4nguv\u00e4ljakud ja k\u00fcmblust\u00fcnnid\",\"potentialAction\":[{\"@type\":\"SearchAction\",\"target\":{\"@type\":\"EntryPoint\",\"urlTemplate\":\"https:\\\/\\\/suveleht.ee\\\/?s={search_term_string}\"},\"query-input\":{\"@type\":\"PropertyValueSpecification\",\"valueRequired\":true,\"valueName\":\"search_term_string\"}}],\"inLanguage\":\"en-US\"}]}<\/script>\n<!-- \/ Yoast SEO plugin. -->","yoast_head_json":{"title":"Andre 44,7m2 sektsioonuksega - Suveleht","robots":{"index":"index","follow":"follow","max-snippet":"max-snippet:-1","max-image-preview":"max-image-preview:large","max-video-preview":"max-video-preview:-1"},"canonical":"https:\/\/suveleht.ee\/toode\/andre-447m2-sektsioonuksega\/","og_locale":"en_US","og_type":"article","og_title":"Andre 44,7m2 sektsioonuksega - Suveleht","og_description":"\u2022 TASUTA TRANSPORT \u2022 5 AASTAT GARANTII  Komplekt sisaldab k\u00f5iki paigaldamiseks vajaminevaid detaile: kastetud vundamendiprussid, Katuselauad, seinaelemendid tuulet\u00f5kkekilega, peensaetud v\u00e4lislaadis, pakettklaas, uksed, aken, metallist veeliist, silinderlukk, kinnitusvahendid. Katusekattematerjal standardkomplekti ei kuulu.  Ehitus: Seinaelement Pindala v\u00e4lispiirdest: 49,1 m2 Pindala: 44,7 m2 Ruumala: 142 m3 Seina paksus: 18 mm Seina k\u00f5rgus: 216 cm Koguk\u00f5rgus: 357 cm Katuse \u00fcleulatuvus: 20 cm Katuse pindala: 60 m2 Katusekalle: 20\u00b0 Katuselauad: 19 mm Ukseava: 78x191 cm 221x205 cm Aknaava m\u00f5\u00f5dud: 68x37cm Pakend: 7,1x1,2x1,3m 1380kg 6,5x1,2x1,2m 1400kg 2,3x0,4x0,7m 156kg 2,3x0,4x0,7m 156kg","og_url":"https:\/\/suveleht.ee\/toode\/andre-447m2-sektsioonuksega\/","og_site_name":"Suveleht","article_modified_time":"2026-02-12T08:16:49+00:00","og_image":[{"width":1200,"height":900,"url":"http:\/\/suveleht.ee\/wp-content\/uploads\/2026\/02\/1_Palmako_garage_Andre_447_m2_sectional_door_NATURAL_wb.jpg","type":"image\/jpeg"}],"twitter_card":"summary_large_image","twitter_misc":{"Est. reading time":"1 minute"},"schema":{"@context":"https:\/\/schema.org","@graph":[{"@type":"WebPage","@id":"https:\/\/suveleht.ee\/toode\/andre-447m2-sektsioonuksega\/","url":"https:\/\/suveleht.ee\/toode\/andre-447m2-sektsioonuksega\/","name":"Andre 44,7m2 sektsioonuksega - Suveleht","isPartOf":{"@id":"https:\/\/suveleht.ee\/#website"},"primaryImageOfPage":{"@id":"https:\/\/suveleht.ee\/toode\/andre-447m2-sektsioonuksega\/#primaryimage"},"image":{"@id":"https:\/\/suveleht.ee\/toode\/andre-447m2-sektsioonuksega\/#primaryimage"},"thumbnailUrl":"https:\/\/suveleht.ee\/wp-content\/uploads\/2026\/02\/1_Palmako_garage_Andre_447_m2_sectional_door_NATURAL_wb.jpg","datePublished":"2026-02-12T08:15:58+00:00","dateModified":"2026-02-12T08:16:49+00:00","breadcrumb":{"@id":"https:\/\/suveleht.ee\/toode\/andre-447m2-sektsioonuksega\/#breadcrumb"},"inLanguage":"en-US","potentialAction":[{"@type":"ReadAction","target":["https:\/\/suveleht.ee\/toode\/andre-447m2-sektsioonuksega\/"]}]},{"@type":"ImageObject","inLanguage":"en-US","@id":"https:\/\/suveleht.ee\/toode\/andre-447m2-sektsioonuksega\/#primaryimage","url":"https:\/\/suveleht.ee\/wp-content\/uploads\/2026\/02\/1_Palmako_garage_Andre_447_m2_sectional_door_NATURAL_wb.jpg","contentUrl":"https:\/\/suveleht.ee\/wp-content\/uploads\/2026\/02\/1_Palmako_garage_Andre_447_m2_sectional_door_NATURAL_wb.jpg","width":1200,"height":900},{"@type":"BreadcrumbList","@id":"https:\/\/suveleht.ee\/toode\/andre-447m2-sektsioonuksega\/#breadcrumb","itemListElement":[{"@type":"ListItem","position":1,"name":"Home","item":"https:\/\/suveleht.ee\/"},{"@type":"ListItem","position":2,"name":"Tooted","item":"https:\/\/suveleht.ee\/tooted\/"},{"@type":"ListItem","position":3,"name":"Andre 44,7m2 sektsioonuksega"}]},{"@type":"WebSite","@id":"https:\/\/suveleht.ee\/#website","url":"https:\/\/suveleht.ee\/","name":"Suveleht","description":"Eestis toodetud aiamajad, m\u00e4nguv\u00e4ljakud ja k\u00fcmblust\u00fcnnid","potentialAction":[{"@type":"SearchAction","target":{"@type":"EntryPoint","urlTemplate":"https:\/\/suveleht.ee\/?s={search_term_string}"},"query-input":{"@type":"PropertyValueSpecification","valueRequired":true,"valueName":"search_term_string"}}],"inLanguage":"en-US"}]}},"_links":{"self":[{"href":"https:\/\/suveleht.ee\/en\/wp-json\/wp\/v2\/product\/6805","targetHints":{"allow":["GET"]}}],"collection":[{"href":"https:\/\/suveleht.ee\/en\/wp-json\/wp\/v2\/product"}],"about":[{"href":"https:\/\/suveleht.ee\/en\/wp-json\/wp\/v2\/types\/product"}],"wp:featuredmedia":[{"embeddable":true,"href":"https:\/\/suveleht.ee\/en\/wp-json\/wp\/v2\/media\/6806"}],"wp:attachment":[{"href":"https:\/\/suveleht.ee\/en\/wp-json\/wp\/v2\/media?parent=6805"}],"wp:term":[{"taxonomy":"product_brand","embeddable":true,"href":"https:\/\/suveleht.ee\/en\/wp-json\/wp\/v2\/product_brand?post=6805"},{"taxonomy":"product_cat","embeddable":true,"href":"https:\/\/suveleht.ee\/en\/wp-json\/wp\/v2\/product_cat?post=6805"},{"taxonomy":"product_tag","embeddable":true,"href":"https:\/\/suveleht.ee\/en\/wp-json\/wp\/v2\/product_tag?post=6805"}],"curies":[{"name":"wp","href":"https:\/\/api.w.org\/{rel}","templated":true}]}}

<p>•	TASUTA TRANSPORT<br />
•	5 AASTAT GARANTII</p>
<p>Komplekt sisaldab kõiki paigaldamiseks vajaminevaid detaile: kastetud vundamendiprussid, Katuselauad, seinaelemendid tuuletõkkekilega, peensaetud välislaadis, pakettklaas, uksed, aken, metallist veeliist, silinderlukk, kinnitusvahendid.<br />
Katusekattematerjal standardkomplekti ei kuulu.</p>
<p>Ehitus: Seinaelement<br />
Pindala välispiirdest: 49,1 m2<br />
Pindala: 44,7 m2<br />
Ruumala: 142 m3<br />
Seina paksus: 18 mm<br />
Seina kõrgus: 216 cm<br />
Kogukõrgus: 357 cm<br />
Katuse üleulatuvus: 20 cm<br />
Katuse pindala: 60 m2<br />
Katusekalle: 20°<br />
Katuselauad: 19 mm<br />
Ukseava: 78&#215;191 cm<br />
221&#215;205 cm<br />
Aknaava mõõdud: 68x37cm<br />
Pakend: 7,1&#215;1,2&#215;1,3m 1380kg<br />
6,5&#215;1,2&#215;1,2m 1400kg<br />
2,3&#215;0,4&#215;0,7m 156kg<br />
2,3&#215;0,4&#215;0,7m 156kg</p>

<!-- This site is optimized with the Yoast SEO plugin v27.3 - https://yoast.com/product/yoast-seo-wordpress/ -->
<title>Andre 44,7m2 sektsioonuksega - Suveleht</title>
<meta name="robots" content="index, follow, max-snippet:-1, max-image-preview:large, max-video-preview:-1" />
<link rel="canonical" href="https://suveleht.ee/toode/andre-447m2-sektsioonuksega/" />
<meta property="og:locale" content="en_US" />
<meta property="og:type" content="article" />
<meta property="og:title" content="Andre 44,7m2 sektsioonuksega - Suveleht" />
<meta property="og:description" content="• TASUTA TRANSPORT • 5 AASTAT GARANTII  Komplekt sisaldab kõiki paigaldamiseks vajaminevaid detaile: kastetud vundamendiprussid, Katuselauad, seinaelemendid tuuletõkkekilega, peensaetud välislaadis, pakettklaas, uksed, aken, metallist veeliist, silinderlukk, kinnitusvahendid. Katusekattematerjal standardkomplekti ei kuulu.  Ehitus: Seinaelement Pindala välispiirdest: 49,1 m2 Pindala: 44,7 m2 Ruumala: 142 m3 Seina paksus: 18 mm Seina kõrgus: 216 cm Kogukõrgus: 357 cm Katuse üleulatuvus: 20 cm Katuse pindala: 60 m2 Katusekalle: 20° Katuselauad: 19 mm Ukseava: 78x191 cm 221x205 cm Aknaava mõõdud: 68x37cm Pakend: 7,1x1,2x1,3m 1380kg 6,5x1,2x1,2m 1400kg 2,3x0,4x0,7m 156kg 2,3x0,4x0,7m 156kg" />
<meta property="og:url" content="https://suveleht.ee/toode/andre-447m2-sektsioonuksega/" />
<meta property="og:site_name" content="Suveleht" />
<meta property="article:modified_time" content="2026-02-12T08:16:49+00:00" />
<meta property="og:image" content="http://suveleht.ee/wp-content/uploads/2026/02/1_Palmako_garage_Andre_447_m2_sectional_door_NATURAL_wb.jpg" />
	<meta property="og:image:width" content="1200" />
	<meta property="og:image:height" content="900" />
	<meta property="og:image:type" content="image/jpeg" />
<meta name="twitter:card" content="summary_large_image" />
<meta name="twitter:label1" content="Est. reading time" />
	<meta name="twitter:data1" content="1 minute" />
<script type="application/ld+json" class="yoast-schema-graph">{"@context":"https:\/\/schema.org","@graph":[{"@type":"WebPage","@id":"https:\/\/suveleht.ee\/toode\/andre-447m2-sektsioonuksega\/","url":"https:\/\/suveleht.ee\/toode\/andre-447m2-sektsioonuksega\/","name":"Andre 44,7m2 sektsioonuksega - Suveleht","isPartOf":{"@id":"https:\/\/suveleht.ee\/#website"},"primaryImageOfPage":{"@id":"https:\/\/suveleht.ee\/toode\/andre-447m2-sektsioonuksega\/#primaryimage"},"image":{"@id":"https:\/\/suveleht.ee\/toode\/andre-447m2-sektsioonuksega\/#primaryimage"},"thumbnailUrl":"https:\/\/suveleht.ee\/wp-content\/uploads\/2026\/02\/1_Palmako_garage_Andre_447_m2_sectional_door_NATURAL_wb.jpg","datePublished":"2026-02-12T08:15:58+00:00","dateModified":"2026-02-12T08:16:49+00:00","breadcrumb":{"@id":"https:\/\/suveleht.ee\/toode\/andre-447m2-sektsioonuksega\/#breadcrumb"},"inLanguage":"en-US","potentialAction":[{"@type":"ReadAction","target":["https:\/\/suveleht.ee\/toode\/andre-447m2-sektsioonuksega\/"]}]},{"@type":"ImageObject","inLanguage":"en-US","@id":"https:\/\/suveleht.ee\/toode\/andre-447m2-sektsioonuksega\/#primaryimage","url":"https:\/\/suveleht.ee\/wp-content\/uploads\/2026\/02\/1_Palmako_garage_Andre_447_m2_sectional_door_NATURAL_wb.jpg","contentUrl":"https:\/\/suveleht.ee\/wp-content\/uploads\/2026\/02\/1_Palmako_garage_Andre_447_m2_sectional_door_NATURAL_wb.jpg","width":1200,"height":900},{"@type":"BreadcrumbList","@id":"https:\/\/suveleht.ee\/toode\/andre-447m2-sektsioonuksega\/#breadcrumb","itemListElement":[{"@type":"ListItem","position":1,"name":"Home","item":"https:\/\/suveleht.ee\/"},{"@type":"ListItem","position":2,"name":"Tooted","item":"https:\/\/suveleht.ee\/tooted\/"},{"@type":"ListItem","position":3,"name":"Andre 44,7m2 sektsioonuksega"}]},{"@type":"WebSite","@id":"https:\/\/suveleht.ee\/#website","url":"https:\/\/suveleht.ee\/","name":"Suveleht","description":"Eestis toodetud aiamajad, mänguväljakud ja kümblustünnid","potentialAction":[{"@type":"SearchAction","target":{"@type":"EntryPoint","urlTemplate":"https:\/\/suveleht.ee\/?s={search_term_string}"},"query-input":{"@type":"PropertyValueSpecification","valueRequired":true,"valueName":"search_term_string"}}],"inLanguage":"en-US"}]}</script>
<!-- / Yoast SEO plugin. -->

• TASUTA TRANSPORT • 5 AASTAT GARANTII  Komplekt sisaldab kõiki paigaldamiseks vajaminevaid detaile: kastetud vundamendiprussid, Katuselauad, seinaelemendid tuuletõkkekilega, peensaetud välislaadis, pakettklaas, uksed, aken, metallist veeliist, silinderlukk, kinnitusvahendid. Katusekattematerjal standardkomplekti ei kuulu.  Ehitus: Seinaelement Pindala välispiirdest: 49,1 m2 Pindala: 44,7 m2 Ruumala: 142 m3 Seina paksus: 18 mm Seina kõrgus: 216 cm Kogukõrgus: 357 cm Katuse üleulatuvus: 20 cm Katuse pindala: 60 m2 Katusekalle: 20° Katuselauad: 19 mm Ukseava: 78x191 cm 221x205 cm Aknaava mõõdud: 68x37cm Pakend: 7,1x1,2x1,3m 1380kg 6,5x1,2x1,2m 1400kg 2,3x0,4x0,7m 156kg 2,3x0,4x0,7m 156kg

Eestis toodetud aiamajad, mänguväljakud ja kümblustünnid
