{"id":6524,"date":"2024-06-23T12:54:47","date_gmt":"2024-06-23T12:54:47","guid":{"rendered":"https:\/\/suveleht.ee\/?post_type=product&#038;p=6524"},"modified":"2026-01-28T08:50:35","modified_gmt":"2026-01-28T08:50:35","slug":"emilia-8-2-m2-kuur-4-0-m2","status":"publish","type":"product","link":"https:\/\/suveleht.ee\/en\/toode\/emilia-8-2-m2-kuur-4-0-m2\/","title":{"rendered":"Emilia 8.2 m2 + kuur 4.0 m2"},"content":{"rendered":"","protected":false},"excerpt":{"rendered":"<p>* TASUTA TRANSPORT<br \/>\n* Garantii 5 aastat<\/p>\n<p>Emilia 8.2 m2 + kuur 4.0 m2 on valgusk\u00fcllane klaasmaja, mis sobib nii kasvuhooneks kui ka paviljoniks, kus nautida vaba aega. Hoone puitosa on 44 x 95 mm profiilist ja s\u00fcvaimmutatud, millest tuleb ka toote hallikas v\u00e4rvitoon. Nii seinte kui katuse klaas on 4 mm paksune karastatud klaas. Katuseakendel on temperatuurile reageerivad andurid, mist\u00f5ttu need avanevad ja sulguvad automaatselt.<\/p>\n<p>Kuur 4.0 m2 on s\u00fcvaimmutatud. Uksel on massiivpuidust ukseraam,silinderlukk a pealekruvitavad polthinged.<br \/>\nKomplekt sisaldab k\u00f5iki paigaldamiseks vajaminevaid montaa\u017eivahendeid.<\/p>\n<p>P\u00f5rand ja kuuri katusekattematerjal standardkomplekti ei kuulu.<\/p>\n<p>Pindala: 8.2 m2<br \/>\nV\u00e4lispindala: 8.7 m2<br \/>\nPuitosa: 44 x 95 mm profiil<br \/>\nSeina paksus: 18 mm<br \/>\nKlaasosa: 4 mm karastatud klaas<br \/>\nSeinam\u00f5\u00f5dud: 240 x 363 cm<br \/>\nSeina k\u00f5rgus: 159 cm<br \/>\nKoguk\u00f5rgus: 283 cm<br \/>\nRuumala 19.4 m3<br \/>\nKatuse pindala: 12.5 m2<br \/>\nKatuse kaldenurk: 45.0\u00b0<br \/>\nUkseava: 69 x 183 cm<br \/>\nPuitosa s\u00fcvaimmutatud<br \/>\nPakend: 3.9 x 1.2 x 0.4 m, 600 kg<\/p>\n<p>Kuuri m\u00f5\u00f5dud:<br \/>\nPindala 4.0 m2<br \/>\nV\u00e4lispindala: 4.4 m2<br \/>\nSeinam\u00f5\u00f5dud: 240 x 187 cm<br \/>\nSeina k\u00f5rgus: 160 cm<br \/>\nKoguk\u00f5rgus: 286 cm<br \/>\nRuumala 9.7 m3<br \/>\nKatuse \u00fcleulatus: 2 cm<br \/>\nKatuse pindala: 6.5 m2<br \/>\nKatuse kaldenurk: 45.0\u00b0<br \/>\nKatuselauad: 19 mm<br \/>\nUkseava: 69 x 183 cm<br \/>\nPakend: 3.2 x 1.2 x 0.5 m, 340 kg<\/p>\n","protected":false},"featured_media":6525,"template":"","meta":{"inline_featured_image":false},"product_brand":[],"product_cat":[50],"product_tag":[],"class_list":{"0":"post-6524","1":"product","2":"type-product","3":"status-publish","4":"has-post-thumbnail","6":"product_cat-paviljonid","8":"first","9":"instock","10":"taxable","11":"shipping-taxable","12":"purchasable","13":"product-type-simple"},"yoast_head":"<!-- This site is optimized with the Yoast SEO plugin v27.3 - https:\/\/yoast.com\/product\/yoast-seo-wordpress\/ -->\n<title>Emilia 8.2 m2 + kuur 4.0 m2 - Suveleht<\/title>\n<meta name=\"description\" content=\"emilia-8-2-m2-kuur-4-0-m2 on valgusk\u00fcllane klaasmaja, mis sobib nii kasvuhooneks kui ka paviljoniks, kus nautida vaba aega.\" \/>\n<meta name=\"robots\" content=\"index, follow, max-snippet:-1, max-image-preview:large, max-video-preview:-1\" \/>\n<link rel=\"canonical\" href=\"https:\/\/suveleht.ee\/toode\/emilia-8-2-m2-kuur-4-0-m2\/\" \/>\n<meta property=\"og:locale\" content=\"en_US\" \/>\n<meta property=\"og:type\" content=\"article\" \/>\n<meta property=\"og:title\" content=\"Emilia 8.2 m2 + kuur 4.0 m2 - Suveleht\" \/>\n<meta property=\"og:description\" content=\"emilia-8-2-m2-kuur-4-0-m2 on valgusk\u00fcllane klaasmaja, mis sobib nii kasvuhooneks kui ka paviljoniks, kus nautida vaba aega.\" \/>\n<meta property=\"og:url\" content=\"https:\/\/suveleht.ee\/toode\/emilia-8-2-m2-kuur-4-0-m2\/\" \/>\n<meta property=\"og:site_name\" content=\"Suveleht\" \/>\n<meta property=\"article:modified_time\" content=\"2026-01-28T08:50:35+00:00\" \/>\n<meta property=\"og:image\" content=\"http:\/\/suveleht.ee\/wp-content\/uploads\/2024\/06\/1_Palmako_Pavilion_Emilia_shed_4.0_m2_GYVPI_wb-scaled.jpg\" \/>\n\t<meta property=\"og:image:width\" content=\"2560\" \/>\n\t<meta property=\"og:image:height\" content=\"2156\" \/>\n\t<meta property=\"og:image:type\" content=\"image\/jpeg\" \/>\n<meta name=\"twitter:card\" content=\"summary_large_image\" \/>\n<meta name=\"twitter:label1\" content=\"Est. reading time\" \/>\n\t<meta name=\"twitter:data1\" content=\"1 minute\" \/>\n<script type=\"application\/ld+json\" class=\"yoast-schema-graph\">{\"@context\":\"https:\\\/\\\/schema.org\",\"@graph\":[{\"@type\":\"WebPage\",\"@id\":\"https:\\\/\\\/suveleht.ee\\\/toode\\\/emilia-8-2-m2-kuur-4-0-m2\\\/\",\"url\":\"https:\\\/\\\/suveleht.ee\\\/toode\\\/emilia-8-2-m2-kuur-4-0-m2\\\/\",\"name\":\"Emilia 8.2 m2 + kuur 4.0 m2 - Suveleht\",\"isPartOf\":{\"@id\":\"https:\\\/\\\/suveleht.ee\\\/#website\"},\"primaryImageOfPage\":{\"@id\":\"https:\\\/\\\/suveleht.ee\\\/toode\\\/emilia-8-2-m2-kuur-4-0-m2\\\/#primaryimage\"},\"image\":{\"@id\":\"https:\\\/\\\/suveleht.ee\\\/toode\\\/emilia-8-2-m2-kuur-4-0-m2\\\/#primaryimage\"},\"thumbnailUrl\":\"https:\\\/\\\/suveleht.ee\\\/wp-content\\\/uploads\\\/2024\\\/06\\\/1_Palmako_Pavilion_Emilia_shed_4.0_m2_GYVPI_wb-scaled.jpg\",\"datePublished\":\"2024-06-23T12:54:47+00:00\",\"dateModified\":\"2026-01-28T08:50:35+00:00\",\"description\":\"emilia-8-2-m2-kuur-4-0-m2 on valgusk\u00fcllane klaasmaja, mis sobib nii kasvuhooneks kui ka paviljoniks, kus nautida vaba aega.\",\"breadcrumb\":{\"@id\":\"https:\\\/\\\/suveleht.ee\\\/toode\\\/emilia-8-2-m2-kuur-4-0-m2\\\/#breadcrumb\"},\"inLanguage\":\"en-US\",\"potentialAction\":[{\"@type\":\"ReadAction\",\"target\":[\"https:\\\/\\\/suveleht.ee\\\/toode\\\/emilia-8-2-m2-kuur-4-0-m2\\\/\"]}]},{\"@type\":\"ImageObject\",\"inLanguage\":\"en-US\",\"@id\":\"https:\\\/\\\/suveleht.ee\\\/toode\\\/emilia-8-2-m2-kuur-4-0-m2\\\/#primaryimage\",\"url\":\"https:\\\/\\\/suveleht.ee\\\/wp-content\\\/uploads\\\/2024\\\/06\\\/1_Palmako_Pavilion_Emilia_shed_4.0_m2_GYVPI_wb-scaled.jpg\",\"contentUrl\":\"https:\\\/\\\/suveleht.ee\\\/wp-content\\\/uploads\\\/2024\\\/06\\\/1_Palmako_Pavilion_Emilia_shed_4.0_m2_GYVPI_wb-scaled.jpg\",\"width\":2560,\"height\":2156,\"caption\":\"Garden and swimming pool in backyard\"},{\"@type\":\"BreadcrumbList\",\"@id\":\"https:\\\/\\\/suveleht.ee\\\/toode\\\/emilia-8-2-m2-kuur-4-0-m2\\\/#breadcrumb\",\"itemListElement\":[{\"@type\":\"ListItem\",\"position\":1,\"name\":\"Home\",\"item\":\"https:\\\/\\\/suveleht.ee\\\/\"},{\"@type\":\"ListItem\",\"position\":2,\"name\":\"Tooted\",\"item\":\"https:\\\/\\\/suveleht.ee\\\/tooted\\\/\"},{\"@type\":\"ListItem\",\"position\":3,\"name\":\"Emilia 8.2 m2 + kuur 4.0 m2\"}]},{\"@type\":\"WebSite\",\"@id\":\"https:\\\/\\\/suveleht.ee\\\/#website\",\"url\":\"https:\\\/\\\/suveleht.ee\\\/\",\"name\":\"Suveleht\",\"description\":\"Eestis toodetud aiamajad, m\u00e4nguv\u00e4ljakud ja k\u00fcmblust\u00fcnnid\",\"potentialAction\":[{\"@type\":\"SearchAction\",\"target\":{\"@type\":\"EntryPoint\",\"urlTemplate\":\"https:\\\/\\\/suveleht.ee\\\/?s={search_term_string}\"},\"query-input\":{\"@type\":\"PropertyValueSpecification\",\"valueRequired\":true,\"valueName\":\"search_term_string\"}}],\"inLanguage\":\"en-US\"}]}<\/script>\n<!-- \/ Yoast SEO plugin. -->","yoast_head_json":{"title":"Emilia 8.2 m2 + kuur 4.0 m2 - Suveleht","description":"emilia-8-2-m2-kuur-4-0-m2 on valgusk\u00fcllane klaasmaja, mis sobib nii kasvuhooneks kui ka paviljoniks, kus nautida vaba aega.","robots":{"index":"index","follow":"follow","max-snippet":"max-snippet:-1","max-image-preview":"max-image-preview:large","max-video-preview":"max-video-preview:-1"},"canonical":"https:\/\/suveleht.ee\/toode\/emilia-8-2-m2-kuur-4-0-m2\/","og_locale":"en_US","og_type":"article","og_title":"Emilia 8.2 m2 + kuur 4.0 m2 - Suveleht","og_description":"emilia-8-2-m2-kuur-4-0-m2 on valgusk\u00fcllane klaasmaja, mis sobib nii kasvuhooneks kui ka paviljoniks, kus nautida vaba aega.","og_url":"https:\/\/suveleht.ee\/toode\/emilia-8-2-m2-kuur-4-0-m2\/","og_site_name":"Suveleht","article_modified_time":"2026-01-28T08:50:35+00:00","og_image":[{"width":2560,"height":2156,"url":"http:\/\/suveleht.ee\/wp-content\/uploads\/2024\/06\/1_Palmako_Pavilion_Emilia_shed_4.0_m2_GYVPI_wb-scaled.jpg","type":"image\/jpeg"}],"twitter_card":"summary_large_image","twitter_misc":{"Est. reading time":"1 minute"},"schema":{"@context":"https:\/\/schema.org","@graph":[{"@type":"WebPage","@id":"https:\/\/suveleht.ee\/toode\/emilia-8-2-m2-kuur-4-0-m2\/","url":"https:\/\/suveleht.ee\/toode\/emilia-8-2-m2-kuur-4-0-m2\/","name":"Emilia 8.2 m2 + kuur 4.0 m2 - Suveleht","isPartOf":{"@id":"https:\/\/suveleht.ee\/#website"},"primaryImageOfPage":{"@id":"https:\/\/suveleht.ee\/toode\/emilia-8-2-m2-kuur-4-0-m2\/#primaryimage"},"image":{"@id":"https:\/\/suveleht.ee\/toode\/emilia-8-2-m2-kuur-4-0-m2\/#primaryimage"},"thumbnailUrl":"https:\/\/suveleht.ee\/wp-content\/uploads\/2024\/06\/1_Palmako_Pavilion_Emilia_shed_4.0_m2_GYVPI_wb-scaled.jpg","datePublished":"2024-06-23T12:54:47+00:00","dateModified":"2026-01-28T08:50:35+00:00","description":"emilia-8-2-m2-kuur-4-0-m2 on valgusk\u00fcllane klaasmaja, mis sobib nii kasvuhooneks kui ka paviljoniks, kus nautida vaba aega.","breadcrumb":{"@id":"https:\/\/suveleht.ee\/toode\/emilia-8-2-m2-kuur-4-0-m2\/#breadcrumb"},"inLanguage":"en-US","potentialAction":[{"@type":"ReadAction","target":["https:\/\/suveleht.ee\/toode\/emilia-8-2-m2-kuur-4-0-m2\/"]}]},{"@type":"ImageObject","inLanguage":"en-US","@id":"https:\/\/suveleht.ee\/toode\/emilia-8-2-m2-kuur-4-0-m2\/#primaryimage","url":"https:\/\/suveleht.ee\/wp-content\/uploads\/2024\/06\/1_Palmako_Pavilion_Emilia_shed_4.0_m2_GYVPI_wb-scaled.jpg","contentUrl":"https:\/\/suveleht.ee\/wp-content\/uploads\/2024\/06\/1_Palmako_Pavilion_Emilia_shed_4.0_m2_GYVPI_wb-scaled.jpg","width":2560,"height":2156,"caption":"Garden and swimming pool in backyard"},{"@type":"BreadcrumbList","@id":"https:\/\/suveleht.ee\/toode\/emilia-8-2-m2-kuur-4-0-m2\/#breadcrumb","itemListElement":[{"@type":"ListItem","position":1,"name":"Home","item":"https:\/\/suveleht.ee\/"},{"@type":"ListItem","position":2,"name":"Tooted","item":"https:\/\/suveleht.ee\/tooted\/"},{"@type":"ListItem","position":3,"name":"Emilia 8.2 m2 + kuur 4.0 m2"}]},{"@type":"WebSite","@id":"https:\/\/suveleht.ee\/#website","url":"https:\/\/suveleht.ee\/","name":"Suveleht","description":"Eestis toodetud aiamajad, m\u00e4nguv\u00e4ljakud ja k\u00fcmblust\u00fcnnid","potentialAction":[{"@type":"SearchAction","target":{"@type":"EntryPoint","urlTemplate":"https:\/\/suveleht.ee\/?s={search_term_string}"},"query-input":{"@type":"PropertyValueSpecification","valueRequired":true,"valueName":"search_term_string"}}],"inLanguage":"en-US"}]}},"_links":{"self":[{"href":"https:\/\/suveleht.ee\/en\/wp-json\/wp\/v2\/product\/6524","targetHints":{"allow":["GET"]}}],"collection":[{"href":"https:\/\/suveleht.ee\/en\/wp-json\/wp\/v2\/product"}],"about":[{"href":"https:\/\/suveleht.ee\/en\/wp-json\/wp\/v2\/types\/product"}],"wp:featuredmedia":[{"embeddable":true,"href":"https:\/\/suveleht.ee\/en\/wp-json\/wp\/v2\/media\/6525"}],"wp:attachment":[{"href":"https:\/\/suveleht.ee\/en\/wp-json\/wp\/v2\/media?parent=6524"}],"wp:term":[{"taxonomy":"product_brand","embeddable":true,"href":"https:\/\/suveleht.ee\/en\/wp-json\/wp\/v2\/product_brand?post=6524"},{"taxonomy":"product_cat","embeddable":true,"href":"https:\/\/suveleht.ee\/en\/wp-json\/wp\/v2\/product_cat?post=6524"},{"taxonomy":"product_tag","embeddable":true,"href":"https:\/\/suveleht.ee\/en\/wp-json\/wp\/v2\/product_tag?post=6524"}],"curies":[{"name":"wp","href":"https:\/\/api.w.org\/{rel}","templated":true}]}}

<p>* TASUTA TRANSPORT<br />
* Garantii 5 aastat</p>
<p>Emilia 8.2 m2 + kuur 4.0 m2 on valgusküllane klaasmaja, mis sobib nii kasvuhooneks kui ka paviljoniks, kus nautida vaba aega. Hoone puitosa on 44 x 95 mm profiilist ja süvaimmutatud, millest tuleb ka toote hallikas värvitoon. Nii seinte kui katuse klaas on 4 mm paksune karastatud klaas. Katuseakendel on temperatuurile reageerivad andurid, mistõttu need avanevad ja sulguvad automaatselt.</p>
<p>Kuur 4.0 m2 on süvaimmutatud. Uksel on massiivpuidust ukseraam,silinderlukk a pealekruvitavad polthinged.<br />
Komplekt sisaldab kõiki paigaldamiseks vajaminevaid montaaživahendeid.</p>
<p>Põrand ja kuuri katusekattematerjal standardkomplekti ei kuulu.</p>
<p>Pindala: 8.2 m2<br />
Välispindala: 8.7 m2<br />
Puitosa: 44 x 95 mm profiil<br />
Seina paksus: 18 mm<br />
Klaasosa: 4 mm karastatud klaas<br />
Seinamõõdud: 240 x 363 cm<br />
Seina kõrgus: 159 cm<br />
Kogukõrgus: 283 cm<br />
Ruumala 19.4 m3<br />
Katuse pindala: 12.5 m2<br />
Katuse kaldenurk: 45.0°<br />
Ukseava: 69 x 183 cm<br />
Puitosa süvaimmutatud<br />
Pakend: 3.9 x 1.2 x 0.4 m, 600 kg</p>
<p>Kuuri mõõdud:<br />
Pindala 4.0 m2<br />
Välispindala: 4.4 m2<br />
Seinamõõdud: 240 x 187 cm<br />
Seina kõrgus: 160 cm<br />
Kogukõrgus: 286 cm<br />
Ruumala 9.7 m3<br />
Katuse üleulatus: 2 cm<br />
Katuse pindala: 6.5 m2<br />
Katuse kaldenurk: 45.0°<br />
Katuselauad: 19 mm<br />
Ukseava: 69 x 183 cm<br />
Pakend: 3.2 x 1.2 x 0.5 m, 340 kg</p>

<!-- This site is optimized with the Yoast SEO plugin v27.3 - https://yoast.com/product/yoast-seo-wordpress/ -->
<title>Emilia 8.2 m2 + kuur 4.0 m2 - Suveleht</title>
<meta name="description" content="emilia-8-2-m2-kuur-4-0-m2 on valgusküllane klaasmaja, mis sobib nii kasvuhooneks kui ka paviljoniks, kus nautida vaba aega." />
<meta name="robots" content="index, follow, max-snippet:-1, max-image-preview:large, max-video-preview:-1" />
<link rel="canonical" href="https://suveleht.ee/toode/emilia-8-2-m2-kuur-4-0-m2/" />
<meta property="og:locale" content="en_US" />
<meta property="og:type" content="article" />
<meta property="og:title" content="Emilia 8.2 m2 + kuur 4.0 m2 - Suveleht" />
<meta property="og:description" content="emilia-8-2-m2-kuur-4-0-m2 on valgusküllane klaasmaja, mis sobib nii kasvuhooneks kui ka paviljoniks, kus nautida vaba aega." />
<meta property="og:url" content="https://suveleht.ee/toode/emilia-8-2-m2-kuur-4-0-m2/" />
<meta property="og:site_name" content="Suveleht" />
<meta property="article:modified_time" content="2026-01-28T08:50:35+00:00" />
<meta property="og:image" content="http://suveleht.ee/wp-content/uploads/2024/06/1_Palmako_Pavilion_Emilia_shed_4.0_m2_GYVPI_wb-scaled.jpg" />
	<meta property="og:image:width" content="2560" />
	<meta property="og:image:height" content="2156" />
	<meta property="og:image:type" content="image/jpeg" />
<meta name="twitter:card" content="summary_large_image" />
<meta name="twitter:label1" content="Est. reading time" />
	<meta name="twitter:data1" content="1 minute" />
<script type="application/ld+json" class="yoast-schema-graph">{"@context":"https:\/\/schema.org","@graph":[{"@type":"WebPage","@id":"https:\/\/suveleht.ee\/toode\/emilia-8-2-m2-kuur-4-0-m2\/","url":"https:\/\/suveleht.ee\/toode\/emilia-8-2-m2-kuur-4-0-m2\/","name":"Emilia 8.2 m2 + kuur 4.0 m2 - Suveleht","isPartOf":{"@id":"https:\/\/suveleht.ee\/#website"},"primaryImageOfPage":{"@id":"https:\/\/suveleht.ee\/toode\/emilia-8-2-m2-kuur-4-0-m2\/#primaryimage"},"image":{"@id":"https:\/\/suveleht.ee\/toode\/emilia-8-2-m2-kuur-4-0-m2\/#primaryimage"},"thumbnailUrl":"https:\/\/suveleht.ee\/wp-content\/uploads\/2024\/06\/1_Palmako_Pavilion_Emilia_shed_4.0_m2_GYVPI_wb-scaled.jpg","datePublished":"2024-06-23T12:54:47+00:00","dateModified":"2026-01-28T08:50:35+00:00","description":"emilia-8-2-m2-kuur-4-0-m2 on valgusküllane klaasmaja, mis sobib nii kasvuhooneks kui ka paviljoniks, kus nautida vaba aega.","breadcrumb":{"@id":"https:\/\/suveleht.ee\/toode\/emilia-8-2-m2-kuur-4-0-m2\/#breadcrumb"},"inLanguage":"en-US","potentialAction":[{"@type":"ReadAction","target":["https:\/\/suveleht.ee\/toode\/emilia-8-2-m2-kuur-4-0-m2\/"]}]},{"@type":"ImageObject","inLanguage":"en-US","@id":"https:\/\/suveleht.ee\/toode\/emilia-8-2-m2-kuur-4-0-m2\/#primaryimage","url":"https:\/\/suveleht.ee\/wp-content\/uploads\/2024\/06\/1_Palmako_Pavilion_Emilia_shed_4.0_m2_GYVPI_wb-scaled.jpg","contentUrl":"https:\/\/suveleht.ee\/wp-content\/uploads\/2024\/06\/1_Palmako_Pavilion_Emilia_shed_4.0_m2_GYVPI_wb-scaled.jpg","width":2560,"height":2156,"caption":"Garden and swimming pool in backyard"},{"@type":"BreadcrumbList","@id":"https:\/\/suveleht.ee\/toode\/emilia-8-2-m2-kuur-4-0-m2\/#breadcrumb","itemListElement":[{"@type":"ListItem","position":1,"name":"Home","item":"https:\/\/suveleht.ee\/"},{"@type":"ListItem","position":2,"name":"Tooted","item":"https:\/\/suveleht.ee\/tooted\/"},{"@type":"ListItem","position":3,"name":"Emilia 8.2 m2 + kuur 4.0 m2"}]},{"@type":"WebSite","@id":"https:\/\/suveleht.ee\/#website","url":"https:\/\/suveleht.ee\/","name":"Suveleht","description":"Eestis toodetud aiamajad, mänguväljakud ja kümblustünnid","potentialAction":[{"@type":"SearchAction","target":{"@type":"EntryPoint","urlTemplate":"https:\/\/suveleht.ee\/?s={search_term_string}"},"query-input":{"@type":"PropertyValueSpecification","valueRequired":true,"valueName":"search_term_string"}}],"inLanguage":"en-US"}]}</script>
<!-- / Yoast SEO plugin. -->

emilia-8-2-m2-kuur-4-0-m2 on valgusküllane klaasmaja, mis sobib nii kasvuhooneks kui ka paviljoniks, kus nautida vaba aega.

Eestis toodetud aiamajad, mänguväljakud ja kümblustünnid
