{"id":6400,"date":"2024-06-21T08:27:07","date_gmt":"2024-06-21T08:27:07","guid":{"rendered":"https:\/\/suveleht.ee\/?post_type=product&#038;p=6400"},"modified":"2026-01-28T08:13:59","modified_gmt":"2026-01-28T08:13:59","slug":"karl-11-7-m2","status":"publish","type":"product","link":"https:\/\/suveleht.ee\/en\/toode\/karl-11-7-m2\/","title":{"rendered":"Karl 11.7 m2"},"content":{"rendered":"","protected":false},"excerpt":{"rendered":"<p>* TASUTA TRANSPORT<br \/>\n* Garantii 5 aastat<\/p>\n<p>Karl 11.7 m2 on praktiline varjualune. Katus on punni ja soonega laudadest. Postid on tugevast liimpuidust.<br \/>\nKatusealust on v\u00f5imalik ehitada madalamaks kui 2.5 m.<br \/>\nKomplekt sisaldab k\u00f5iki paigaldamiseks vajaminevaid montaa\u017eivahendeid.<br \/>\nKatusekattematerjal standardkomplekti ei kuulu.<\/p>\n<p>Pindala: 11.7 m2<br \/>\nPosti paksus: 120 x 120 mm<br \/>\nM\u00f5\u00f5dud: 315 x 372 cm<br \/>\nSeina k\u00f5rgus: 215 cm<br \/>\nKoguk\u00f5rgus: 232 cm<br \/>\nRuumala 39.6 m3<br \/>\nKatuse pindala: 18.9 m2<br \/>\nKatuse kaldenurk: 1,1\u00b0<br \/>\nKatuselauad: 19 mm<br \/>\nPakend: 6.0 x 1.2 x 0.3 m, 645 kg<\/p>\n","protected":false},"featured_media":6405,"template":"","meta":{"inline_featured_image":false},"product_brand":[],"product_cat":[51,46],"product_tag":[],"class_list":{"0":"post-6400","1":"product","2":"type-product","3":"status-publish","4":"has-post-thumbnail","6":"product_cat-garaazid","7":"product_cat-hoiuruumid","9":"first","10":"instock","11":"taxable","12":"shipping-taxable","13":"purchasable","14":"product-type-simple"},"yoast_head":"<!-- This site is optimized with the Yoast SEO plugin v27.3 - https:\/\/yoast.com\/product\/yoast-seo-wordpress\/ -->\n<title>Karl 11.7 m2 - Suveleht<\/title>\n<meta name=\"description\" content=\"karl-11-7-m2 on praktiline varjualune. Katus on punni ja soonega laudadest. Postid on tugevast liimpuidust. V\u00f5imalik ehitada madalamaks kui 2.5 m.\" \/>\n<meta name=\"robots\" content=\"index, follow, max-snippet:-1, max-image-preview:large, max-video-preview:-1\" \/>\n<link rel=\"canonical\" href=\"https:\/\/suveleht.ee\/toode\/karl-11-7-m2\/\" \/>\n<meta property=\"og:locale\" content=\"en_US\" \/>\n<meta property=\"og:type\" content=\"article\" \/>\n<meta property=\"og:title\" content=\"Karl 11.7 m2 - Suveleht\" \/>\n<meta property=\"og:description\" content=\"karl-11-7-m2 on praktiline varjualune. Katus on punni ja soonega laudadest. Postid on tugevast liimpuidust. V\u00f5imalik ehitada madalamaks kui 2.5 m.\" \/>\n<meta property=\"og:url\" content=\"https:\/\/suveleht.ee\/toode\/karl-11-7-m2\/\" \/>\n<meta property=\"og:site_name\" content=\"Suveleht\" \/>\n<meta property=\"article:modified_time\" content=\"2026-01-28T08:13:59+00:00\" \/>\n<meta property=\"og:image\" content=\"http:\/\/suveleht.ee\/wp-content\/uploads\/2024\/06\/1_Palmako_carport_Karl_11.7_m2_NATURAL_wb-scaled.jpg\" \/>\n\t<meta property=\"og:image:width\" content=\"2560\" \/>\n\t<meta property=\"og:image:height\" content=\"1969\" \/>\n\t<meta property=\"og:image:type\" content=\"image\/jpeg\" \/>\n<meta name=\"twitter:card\" content=\"summary_large_image\" \/>\n<meta name=\"twitter:label1\" content=\"Est. reading time\" \/>\n\t<meta name=\"twitter:data1\" content=\"1 minute\" \/>\n<script type=\"application\/ld+json\" class=\"yoast-schema-graph\">{\"@context\":\"https:\\\/\\\/schema.org\",\"@graph\":[{\"@type\":\"WebPage\",\"@id\":\"https:\\\/\\\/suveleht.ee\\\/toode\\\/karl-11-7-m2\\\/\",\"url\":\"https:\\\/\\\/suveleht.ee\\\/toode\\\/karl-11-7-m2\\\/\",\"name\":\"Karl 11.7 m2 - Suveleht\",\"isPartOf\":{\"@id\":\"https:\\\/\\\/suveleht.ee\\\/#website\"},\"primaryImageOfPage\":{\"@id\":\"https:\\\/\\\/suveleht.ee\\\/toode\\\/karl-11-7-m2\\\/#primaryimage\"},\"image\":{\"@id\":\"https:\\\/\\\/suveleht.ee\\\/toode\\\/karl-11-7-m2\\\/#primaryimage\"},\"thumbnailUrl\":\"https:\\\/\\\/suveleht.ee\\\/wp-content\\\/uploads\\\/2024\\\/06\\\/1_Palmako_carport_Karl_11.7_m2_NATURAL_wb-scaled.jpg\",\"datePublished\":\"2024-06-21T08:27:07+00:00\",\"dateModified\":\"2026-01-28T08:13:59+00:00\",\"description\":\"karl-11-7-m2 on praktiline varjualune. Katus on punni ja soonega laudadest. Postid on tugevast liimpuidust. V\u00f5imalik ehitada madalamaks kui 2.5 m.\",\"breadcrumb\":{\"@id\":\"https:\\\/\\\/suveleht.ee\\\/toode\\\/karl-11-7-m2\\\/#breadcrumb\"},\"inLanguage\":\"en-US\",\"potentialAction\":[{\"@type\":\"ReadAction\",\"target\":[\"https:\\\/\\\/suveleht.ee\\\/toode\\\/karl-11-7-m2\\\/\"]}]},{\"@type\":\"ImageObject\",\"inLanguage\":\"en-US\",\"@id\":\"https:\\\/\\\/suveleht.ee\\\/toode\\\/karl-11-7-m2\\\/#primaryimage\",\"url\":\"https:\\\/\\\/suveleht.ee\\\/wp-content\\\/uploads\\\/2024\\\/06\\\/1_Palmako_carport_Karl_11.7_m2_NATURAL_wb-scaled.jpg\",\"contentUrl\":\"https:\\\/\\\/suveleht.ee\\\/wp-content\\\/uploads\\\/2024\\\/06\\\/1_Palmako_carport_Karl_11.7_m2_NATURAL_wb-scaled.jpg\",\"width\":2560,\"height\":1969,\"caption\":\"Moderne Villa mit Garage 2\"},{\"@type\":\"BreadcrumbList\",\"@id\":\"https:\\\/\\\/suveleht.ee\\\/toode\\\/karl-11-7-m2\\\/#breadcrumb\",\"itemListElement\":[{\"@type\":\"ListItem\",\"position\":1,\"name\":\"Home\",\"item\":\"https:\\\/\\\/suveleht.ee\\\/\"},{\"@type\":\"ListItem\",\"position\":2,\"name\":\"Tooted\",\"item\":\"https:\\\/\\\/suveleht.ee\\\/tooted\\\/\"},{\"@type\":\"ListItem\",\"position\":3,\"name\":\"Karl 11.7 m2\"}]},{\"@type\":\"WebSite\",\"@id\":\"https:\\\/\\\/suveleht.ee\\\/#website\",\"url\":\"https:\\\/\\\/suveleht.ee\\\/\",\"name\":\"Suveleht\",\"description\":\"Eestis toodetud aiamajad, m\u00e4nguv\u00e4ljakud ja k\u00fcmblust\u00fcnnid\",\"potentialAction\":[{\"@type\":\"SearchAction\",\"target\":{\"@type\":\"EntryPoint\",\"urlTemplate\":\"https:\\\/\\\/suveleht.ee\\\/?s={search_term_string}\"},\"query-input\":{\"@type\":\"PropertyValueSpecification\",\"valueRequired\":true,\"valueName\":\"search_term_string\"}}],\"inLanguage\":\"en-US\"}]}<\/script>\n<!-- \/ Yoast SEO plugin. -->","yoast_head_json":{"title":"Karl 11.7 m2 - Suveleht","description":"karl-11-7-m2 on praktiline varjualune. Katus on punni ja soonega laudadest. Postid on tugevast liimpuidust. V\u00f5imalik ehitada madalamaks kui 2.5 m.","robots":{"index":"index","follow":"follow","max-snippet":"max-snippet:-1","max-image-preview":"max-image-preview:large","max-video-preview":"max-video-preview:-1"},"canonical":"https:\/\/suveleht.ee\/toode\/karl-11-7-m2\/","og_locale":"en_US","og_type":"article","og_title":"Karl 11.7 m2 - Suveleht","og_description":"karl-11-7-m2 on praktiline varjualune. Katus on punni ja soonega laudadest. Postid on tugevast liimpuidust. V\u00f5imalik ehitada madalamaks kui 2.5 m.","og_url":"https:\/\/suveleht.ee\/toode\/karl-11-7-m2\/","og_site_name":"Suveleht","article_modified_time":"2026-01-28T08:13:59+00:00","og_image":[{"width":2560,"height":1969,"url":"http:\/\/suveleht.ee\/wp-content\/uploads\/2024\/06\/1_Palmako_carport_Karl_11.7_m2_NATURAL_wb-scaled.jpg","type":"image\/jpeg"}],"twitter_card":"summary_large_image","twitter_misc":{"Est. reading time":"1 minute"},"schema":{"@context":"https:\/\/schema.org","@graph":[{"@type":"WebPage","@id":"https:\/\/suveleht.ee\/toode\/karl-11-7-m2\/","url":"https:\/\/suveleht.ee\/toode\/karl-11-7-m2\/","name":"Karl 11.7 m2 - Suveleht","isPartOf":{"@id":"https:\/\/suveleht.ee\/#website"},"primaryImageOfPage":{"@id":"https:\/\/suveleht.ee\/toode\/karl-11-7-m2\/#primaryimage"},"image":{"@id":"https:\/\/suveleht.ee\/toode\/karl-11-7-m2\/#primaryimage"},"thumbnailUrl":"https:\/\/suveleht.ee\/wp-content\/uploads\/2024\/06\/1_Palmako_carport_Karl_11.7_m2_NATURAL_wb-scaled.jpg","datePublished":"2024-06-21T08:27:07+00:00","dateModified":"2026-01-28T08:13:59+00:00","description":"karl-11-7-m2 on praktiline varjualune. Katus on punni ja soonega laudadest. Postid on tugevast liimpuidust. V\u00f5imalik ehitada madalamaks kui 2.5 m.","breadcrumb":{"@id":"https:\/\/suveleht.ee\/toode\/karl-11-7-m2\/#breadcrumb"},"inLanguage":"en-US","potentialAction":[{"@type":"ReadAction","target":["https:\/\/suveleht.ee\/toode\/karl-11-7-m2\/"]}]},{"@type":"ImageObject","inLanguage":"en-US","@id":"https:\/\/suveleht.ee\/toode\/karl-11-7-m2\/#primaryimage","url":"https:\/\/suveleht.ee\/wp-content\/uploads\/2024\/06\/1_Palmako_carport_Karl_11.7_m2_NATURAL_wb-scaled.jpg","contentUrl":"https:\/\/suveleht.ee\/wp-content\/uploads\/2024\/06\/1_Palmako_carport_Karl_11.7_m2_NATURAL_wb-scaled.jpg","width":2560,"height":1969,"caption":"Moderne Villa mit Garage 2"},{"@type":"BreadcrumbList","@id":"https:\/\/suveleht.ee\/toode\/karl-11-7-m2\/#breadcrumb","itemListElement":[{"@type":"ListItem","position":1,"name":"Home","item":"https:\/\/suveleht.ee\/"},{"@type":"ListItem","position":2,"name":"Tooted","item":"https:\/\/suveleht.ee\/tooted\/"},{"@type":"ListItem","position":3,"name":"Karl 11.7 m2"}]},{"@type":"WebSite","@id":"https:\/\/suveleht.ee\/#website","url":"https:\/\/suveleht.ee\/","name":"Suveleht","description":"Eestis toodetud aiamajad, m\u00e4nguv\u00e4ljakud ja k\u00fcmblust\u00fcnnid","potentialAction":[{"@type":"SearchAction","target":{"@type":"EntryPoint","urlTemplate":"https:\/\/suveleht.ee\/?s={search_term_string}"},"query-input":{"@type":"PropertyValueSpecification","valueRequired":true,"valueName":"search_term_string"}}],"inLanguage":"en-US"}]}},"_links":{"self":[{"href":"https:\/\/suveleht.ee\/en\/wp-json\/wp\/v2\/product\/6400","targetHints":{"allow":["GET"]}}],"collection":[{"href":"https:\/\/suveleht.ee\/en\/wp-json\/wp\/v2\/product"}],"about":[{"href":"https:\/\/suveleht.ee\/en\/wp-json\/wp\/v2\/types\/product"}],"wp:featuredmedia":[{"embeddable":true,"href":"https:\/\/suveleht.ee\/en\/wp-json\/wp\/v2\/media\/6405"}],"wp:attachment":[{"href":"https:\/\/suveleht.ee\/en\/wp-json\/wp\/v2\/media?parent=6400"}],"wp:term":[{"taxonomy":"product_brand","embeddable":true,"href":"https:\/\/suveleht.ee\/en\/wp-json\/wp\/v2\/product_brand?post=6400"},{"taxonomy":"product_cat","embeddable":true,"href":"https:\/\/suveleht.ee\/en\/wp-json\/wp\/v2\/product_cat?post=6400"},{"taxonomy":"product_tag","embeddable":true,"href":"https:\/\/suveleht.ee\/en\/wp-json\/wp\/v2\/product_tag?post=6400"}],"curies":[{"name":"wp","href":"https:\/\/api.w.org\/{rel}","templated":true}]}}

<p>* TASUTA TRANSPORT<br />
* Garantii 5 aastat</p>
<p>Karl 11.7 m2 on praktiline varjualune. Katus on punni ja soonega laudadest. Postid on tugevast liimpuidust.<br />
Katusealust on võimalik ehitada madalamaks kui 2.5 m.<br />
Komplekt sisaldab kõiki paigaldamiseks vajaminevaid montaaživahendeid.<br />
Katusekattematerjal standardkomplekti ei kuulu.</p>
<p>Pindala: 11.7 m2<br />
Posti paksus: 120 x 120 mm<br />
Mõõdud: 315 x 372 cm<br />
Seina kõrgus: 215 cm<br />
Kogukõrgus: 232 cm<br />
Ruumala 39.6 m3<br />
Katuse pindala: 18.9 m2<br />
Katuse kaldenurk: 1,1°<br />
Katuselauad: 19 mm<br />
Pakend: 6.0 x 1.2 x 0.3 m, 645 kg</p>

<!-- This site is optimized with the Yoast SEO plugin v27.3 - https://yoast.com/product/yoast-seo-wordpress/ -->
<title>Karl 11.7 m2 - Suveleht</title>
<meta name="description" content="karl-11-7-m2 on praktiline varjualune. Katus on punni ja soonega laudadest. Postid on tugevast liimpuidust. Võimalik ehitada madalamaks kui 2.5 m." />
<meta name="robots" content="index, follow, max-snippet:-1, max-image-preview:large, max-video-preview:-1" />
<link rel="canonical" href="https://suveleht.ee/toode/karl-11-7-m2/" />
<meta property="og:locale" content="en_US" />
<meta property="og:type" content="article" />
<meta property="og:title" content="Karl 11.7 m2 - Suveleht" />
<meta property="og:description" content="karl-11-7-m2 on praktiline varjualune. Katus on punni ja soonega laudadest. Postid on tugevast liimpuidust. Võimalik ehitada madalamaks kui 2.5 m." />
<meta property="og:url" content="https://suveleht.ee/toode/karl-11-7-m2/" />
<meta property="og:site_name" content="Suveleht" />
<meta property="article:modified_time" content="2026-01-28T08:13:59+00:00" />
<meta property="og:image" content="http://suveleht.ee/wp-content/uploads/2024/06/1_Palmako_carport_Karl_11.7_m2_NATURAL_wb-scaled.jpg" />
	<meta property="og:image:width" content="2560" />
	<meta property="og:image:height" content="1969" />
	<meta property="og:image:type" content="image/jpeg" />
<meta name="twitter:card" content="summary_large_image" />
<meta name="twitter:label1" content="Est. reading time" />
	<meta name="twitter:data1" content="1 minute" />
<script type="application/ld+json" class="yoast-schema-graph">{"@context":"https:\/\/schema.org","@graph":[{"@type":"WebPage","@id":"https:\/\/suveleht.ee\/toode\/karl-11-7-m2\/","url":"https:\/\/suveleht.ee\/toode\/karl-11-7-m2\/","name":"Karl 11.7 m2 - Suveleht","isPartOf":{"@id":"https:\/\/suveleht.ee\/#website"},"primaryImageOfPage":{"@id":"https:\/\/suveleht.ee\/toode\/karl-11-7-m2\/#primaryimage"},"image":{"@id":"https:\/\/suveleht.ee\/toode\/karl-11-7-m2\/#primaryimage"},"thumbnailUrl":"https:\/\/suveleht.ee\/wp-content\/uploads\/2024\/06\/1_Palmako_carport_Karl_11.7_m2_NATURAL_wb-scaled.jpg","datePublished":"2024-06-21T08:27:07+00:00","dateModified":"2026-01-28T08:13:59+00:00","description":"karl-11-7-m2 on praktiline varjualune. Katus on punni ja soonega laudadest. Postid on tugevast liimpuidust. Võimalik ehitada madalamaks kui 2.5 m.","breadcrumb":{"@id":"https:\/\/suveleht.ee\/toode\/karl-11-7-m2\/#breadcrumb"},"inLanguage":"en-US","potentialAction":[{"@type":"ReadAction","target":["https:\/\/suveleht.ee\/toode\/karl-11-7-m2\/"]}]},{"@type":"ImageObject","inLanguage":"en-US","@id":"https:\/\/suveleht.ee\/toode\/karl-11-7-m2\/#primaryimage","url":"https:\/\/suveleht.ee\/wp-content\/uploads\/2024\/06\/1_Palmako_carport_Karl_11.7_m2_NATURAL_wb-scaled.jpg","contentUrl":"https:\/\/suveleht.ee\/wp-content\/uploads\/2024\/06\/1_Palmako_carport_Karl_11.7_m2_NATURAL_wb-scaled.jpg","width":2560,"height":1969,"caption":"Moderne Villa mit Garage 2"},{"@type":"BreadcrumbList","@id":"https:\/\/suveleht.ee\/toode\/karl-11-7-m2\/#breadcrumb","itemListElement":[{"@type":"ListItem","position":1,"name":"Home","item":"https:\/\/suveleht.ee\/"},{"@type":"ListItem","position":2,"name":"Tooted","item":"https:\/\/suveleht.ee\/tooted\/"},{"@type":"ListItem","position":3,"name":"Karl 11.7 m2"}]},{"@type":"WebSite","@id":"https:\/\/suveleht.ee\/#website","url":"https:\/\/suveleht.ee\/","name":"Suveleht","description":"Eestis toodetud aiamajad, mänguväljakud ja kümblustünnid","potentialAction":[{"@type":"SearchAction","target":{"@type":"EntryPoint","urlTemplate":"https:\/\/suveleht.ee\/?s={search_term_string}"},"query-input":{"@type":"PropertyValueSpecification","valueRequired":true,"valueName":"search_term_string"}}],"inLanguage":"en-US"}]}</script>
<!-- / Yoast SEO plugin. -->

karl-11-7-m2 on praktiline varjualune. Katus on punni ja soonega laudadest. Postid on tugevast liimpuidust. Võimalik ehitada madalamaks kui 2.5 m.

Eestis toodetud aiamajad, mänguväljakud ja kümblustünnid
