{"id":5342,"date":"2024-02-08T15:00:00","date_gmt":"2024-02-08T15:00:00","guid":{"rendered":"https:\/\/suveleht.ee\/?post_type=product&#038;p=5342"},"modified":"2026-02-26T09:00:39","modified_gmt":"2026-02-26T09:00:39","slug":"suvemaja-aive-139m2","status":"publish","type":"product","link":"https:\/\/suveleht.ee\/en\/toode\/suvemaja-aive-139m2\/","title":{"rendered":"Suvemaja AIVE 13,9m2"},"content":{"rendered":"","protected":false},"excerpt":{"rendered":"<p>* TASUTA TRANSPORT<br \/>\n* Garantii 5 aastat<br \/>\nSuvemajal on kaks eraldi ruumi. Teise ruumi ligip\u00e4\u00e4s on avatumast ja valgusk\u00fcllasemast topelt ustega suuremast ruumist. Vaheuks on t\u00e4islaudisest. Sobib ideaalselt kodukontoriks. Komplekti kuulub p\u00f5rand ja k\u00f5ik paigalduseks vajalik. Katusekate ei kuulu komplekti.<br \/>\nTootmine kuni 6 n\u00e4dalat.<\/p>\n<p>Ehitus: Tuuletapiga nurga\u00fchendus<br \/>\nSeina paksus: 70 mm<br \/>\nSeinam\u00f5\u00f5dud: 300&#215;560 cm<br \/>\nP\u00f5randa pindala: 13.9 m2<br \/>\nViiluseina k\u00f5rgus: 244.8 cm<br \/>\nSeina k\u00f5rgus: 217.6 cm<br \/>\nKatuse \u00fcleulatus: 30 cm<br \/>\nKatuse pindala: 22.32 m2<br \/>\nKatusekalle: 10.5\u00b0<br \/>\nUks:<br \/>\n1 x 1580 x 1865 mm<br \/>\n1 x 827 x 1865 mm<br \/>\nAken:<br \/>\n1 x 1021 x 1320 mm<br \/>\nPakend:<br \/>\n630x114x91 cm 1895 kg<\/p>\n","protected":false},"featured_media":5349,"template":"","meta":{"inline_featured_image":false},"product_brand":[],"product_cat":[45],"product_tag":[],"class_list":{"0":"post-5342","1":"product","2":"type-product","3":"status-publish","4":"has-post-thumbnail","6":"product_cat-aiamajad","8":"first","9":"instock","10":"sale","11":"taxable","12":"shipping-taxable","13":"purchasable","14":"product-type-simple"},"yoast_head":"<!-- This site is optimized with the Yoast SEO plugin v27.3 - https:\/\/yoast.com\/product\/yoast-seo-wordpress\/ -->\n<title>Suvemaja AIVE 13,9m2 - Suveleht<\/title>\n<meta name=\"robots\" content=\"index, follow, max-snippet:-1, max-image-preview:large, max-video-preview:-1\" \/>\n<link rel=\"canonical\" href=\"https:\/\/suveleht.ee\/toode\/suvemaja-aive-139m2\/\" \/>\n<meta property=\"og:locale\" content=\"en_US\" \/>\n<meta property=\"og:type\" content=\"article\" \/>\n<meta property=\"og:title\" content=\"Suvemaja AIVE 13,9m2 - Suveleht\" \/>\n<meta property=\"og:description\" content=\"* TASUTA TRANSPORT * Garantii 5 aastat Suvemajal on kaks eraldi ruumi. Teise ruumi ligip\u00e4\u00e4s on avatumast ja valgusk\u00fcllasemast topelt ustega suuremast ruumist. Vaheuks on t\u00e4islaudisest. Sobib ideaalselt kodukontoriks. Komplekti kuulub p\u00f5rand ja k\u00f5ik paigalduseks vajalik. Katusekate ei kuulu komplekti.  Tootmine kuni 6 n\u00e4dalat.  Ehitus: Tuuletapiga nurga\u00fchendus Seina paksus: 70 mm Seinam\u00f5\u00f5dud: 300x560 cm P\u00f5randa pindala: 13.9 m2 Viiluseina k\u00f5rgus: 244.8 cm Seina k\u00f5rgus: 217.6 cm Katuse \u00fcleulatus: 30 cm Katuse pindala: 22.32 m2 Katusekalle: 10.5\u00b0 Uks:  1 x 1580 x 1865 mm 1 x 827 x 1865 mm  Aken:  1 x 1021 x 1320 mm  Pakend:  630x114x91 cm 1895 kg\" \/>\n<meta property=\"og:url\" content=\"https:\/\/suveleht.ee\/toode\/suvemaja-aive-139m2\/\" \/>\n<meta property=\"og:site_name\" content=\"Suveleht\" \/>\n<meta property=\"article:modified_time\" content=\"2026-02-26T09:00:39+00:00\" \/>\n<meta property=\"og:image\" content=\"http:\/\/suveleht.ee\/wp-content\/uploads\/2024\/02\/aivetaust-scaled.jpg\" \/>\n\t<meta property=\"og:image:width\" content=\"2560\" \/>\n\t<meta property=\"og:image:height\" content=\"1708\" \/>\n\t<meta property=\"og:image:type\" content=\"image\/jpeg\" \/>\n<meta name=\"twitter:card\" content=\"summary_large_image\" \/>\n<meta name=\"twitter:label1\" content=\"Est. reading time\" \/>\n\t<meta name=\"twitter:data1\" content=\"1 minute\" \/>\n<script type=\"application\/ld+json\" class=\"yoast-schema-graph\">{\"@context\":\"https:\\\/\\\/schema.org\",\"@graph\":[{\"@type\":\"WebPage\",\"@id\":\"https:\\\/\\\/suveleht.ee\\\/toode\\\/suvemaja-aive-139m2\\\/\",\"url\":\"https:\\\/\\\/suveleht.ee\\\/toode\\\/suvemaja-aive-139m2\\\/\",\"name\":\"Suvemaja AIVE 13,9m2 - Suveleht\",\"isPartOf\":{\"@id\":\"https:\\\/\\\/suveleht.ee\\\/#website\"},\"primaryImageOfPage\":{\"@id\":\"https:\\\/\\\/suveleht.ee\\\/toode\\\/suvemaja-aive-139m2\\\/#primaryimage\"},\"image\":{\"@id\":\"https:\\\/\\\/suveleht.ee\\\/toode\\\/suvemaja-aive-139m2\\\/#primaryimage\"},\"thumbnailUrl\":\"https:\\\/\\\/suveleht.ee\\\/wp-content\\\/uploads\\\/2024\\\/02\\\/aivetaust-scaled.jpg\",\"datePublished\":\"2024-02-08T15:00:00+00:00\",\"dateModified\":\"2026-02-26T09:00:39+00:00\",\"breadcrumb\":{\"@id\":\"https:\\\/\\\/suveleht.ee\\\/toode\\\/suvemaja-aive-139m2\\\/#breadcrumb\"},\"inLanguage\":\"en-US\",\"potentialAction\":[{\"@type\":\"ReadAction\",\"target\":[\"https:\\\/\\\/suveleht.ee\\\/toode\\\/suvemaja-aive-139m2\\\/\"]}]},{\"@type\":\"ImageObject\",\"inLanguage\":\"en-US\",\"@id\":\"https:\\\/\\\/suveleht.ee\\\/toode\\\/suvemaja-aive-139m2\\\/#primaryimage\",\"url\":\"https:\\\/\\\/suveleht.ee\\\/wp-content\\\/uploads\\\/2024\\\/02\\\/aivetaust-scaled.jpg\",\"contentUrl\":\"https:\\\/\\\/suveleht.ee\\\/wp-content\\\/uploads\\\/2024\\\/02\\\/aivetaust-scaled.jpg\",\"width\":2560,\"height\":1708},{\"@type\":\"BreadcrumbList\",\"@id\":\"https:\\\/\\\/suveleht.ee\\\/toode\\\/suvemaja-aive-139m2\\\/#breadcrumb\",\"itemListElement\":[{\"@type\":\"ListItem\",\"position\":1,\"name\":\"Home\",\"item\":\"https:\\\/\\\/suveleht.ee\\\/\"},{\"@type\":\"ListItem\",\"position\":2,\"name\":\"Tooted\",\"item\":\"https:\\\/\\\/suveleht.ee\\\/tooted\\\/\"},{\"@type\":\"ListItem\",\"position\":3,\"name\":\"Suvemaja AIVE 13,9m2\"}]},{\"@type\":\"WebSite\",\"@id\":\"https:\\\/\\\/suveleht.ee\\\/#website\",\"url\":\"https:\\\/\\\/suveleht.ee\\\/\",\"name\":\"Suveleht\",\"description\":\"Eestis toodetud aiamajad, m\u00e4nguv\u00e4ljakud ja k\u00fcmblust\u00fcnnid\",\"potentialAction\":[{\"@type\":\"SearchAction\",\"target\":{\"@type\":\"EntryPoint\",\"urlTemplate\":\"https:\\\/\\\/suveleht.ee\\\/?s={search_term_string}\"},\"query-input\":{\"@type\":\"PropertyValueSpecification\",\"valueRequired\":true,\"valueName\":\"search_term_string\"}}],\"inLanguage\":\"en-US\"}]}<\/script>\n<!-- \/ Yoast SEO plugin. -->","yoast_head_json":{"title":"Suvemaja AIVE 13,9m2 - Suveleht","robots":{"index":"index","follow":"follow","max-snippet":"max-snippet:-1","max-image-preview":"max-image-preview:large","max-video-preview":"max-video-preview:-1"},"canonical":"https:\/\/suveleht.ee\/toode\/suvemaja-aive-139m2\/","og_locale":"en_US","og_type":"article","og_title":"Suvemaja AIVE 13,9m2 - Suveleht","og_description":"* TASUTA TRANSPORT * Garantii 5 aastat Suvemajal on kaks eraldi ruumi. Teise ruumi ligip\u00e4\u00e4s on avatumast ja valgusk\u00fcllasemast topelt ustega suuremast ruumist. Vaheuks on t\u00e4islaudisest. Sobib ideaalselt kodukontoriks. Komplekti kuulub p\u00f5rand ja k\u00f5ik paigalduseks vajalik. Katusekate ei kuulu komplekti.  Tootmine kuni 6 n\u00e4dalat.  Ehitus: Tuuletapiga nurga\u00fchendus Seina paksus: 70 mm Seinam\u00f5\u00f5dud: 300x560 cm P\u00f5randa pindala: 13.9 m2 Viiluseina k\u00f5rgus: 244.8 cm Seina k\u00f5rgus: 217.6 cm Katuse \u00fcleulatus: 30 cm Katuse pindala: 22.32 m2 Katusekalle: 10.5\u00b0 Uks:  1 x 1580 x 1865 mm 1 x 827 x 1865 mm  Aken:  1 x 1021 x 1320 mm  Pakend:  630x114x91 cm 1895 kg","og_url":"https:\/\/suveleht.ee\/toode\/suvemaja-aive-139m2\/","og_site_name":"Suveleht","article_modified_time":"2026-02-26T09:00:39+00:00","og_image":[{"width":2560,"height":1708,"url":"http:\/\/suveleht.ee\/wp-content\/uploads\/2024\/02\/aivetaust-scaled.jpg","type":"image\/jpeg"}],"twitter_card":"summary_large_image","twitter_misc":{"Est. reading time":"1 minute"},"schema":{"@context":"https:\/\/schema.org","@graph":[{"@type":"WebPage","@id":"https:\/\/suveleht.ee\/toode\/suvemaja-aive-139m2\/","url":"https:\/\/suveleht.ee\/toode\/suvemaja-aive-139m2\/","name":"Suvemaja AIVE 13,9m2 - Suveleht","isPartOf":{"@id":"https:\/\/suveleht.ee\/#website"},"primaryImageOfPage":{"@id":"https:\/\/suveleht.ee\/toode\/suvemaja-aive-139m2\/#primaryimage"},"image":{"@id":"https:\/\/suveleht.ee\/toode\/suvemaja-aive-139m2\/#primaryimage"},"thumbnailUrl":"https:\/\/suveleht.ee\/wp-content\/uploads\/2024\/02\/aivetaust-scaled.jpg","datePublished":"2024-02-08T15:00:00+00:00","dateModified":"2026-02-26T09:00:39+00:00","breadcrumb":{"@id":"https:\/\/suveleht.ee\/toode\/suvemaja-aive-139m2\/#breadcrumb"},"inLanguage":"en-US","potentialAction":[{"@type":"ReadAction","target":["https:\/\/suveleht.ee\/toode\/suvemaja-aive-139m2\/"]}]},{"@type":"ImageObject","inLanguage":"en-US","@id":"https:\/\/suveleht.ee\/toode\/suvemaja-aive-139m2\/#primaryimage","url":"https:\/\/suveleht.ee\/wp-content\/uploads\/2024\/02\/aivetaust-scaled.jpg","contentUrl":"https:\/\/suveleht.ee\/wp-content\/uploads\/2024\/02\/aivetaust-scaled.jpg","width":2560,"height":1708},{"@type":"BreadcrumbList","@id":"https:\/\/suveleht.ee\/toode\/suvemaja-aive-139m2\/#breadcrumb","itemListElement":[{"@type":"ListItem","position":1,"name":"Home","item":"https:\/\/suveleht.ee\/"},{"@type":"ListItem","position":2,"name":"Tooted","item":"https:\/\/suveleht.ee\/tooted\/"},{"@type":"ListItem","position":3,"name":"Suvemaja AIVE 13,9m2"}]},{"@type":"WebSite","@id":"https:\/\/suveleht.ee\/#website","url":"https:\/\/suveleht.ee\/","name":"Suveleht","description":"Eestis toodetud aiamajad, m\u00e4nguv\u00e4ljakud ja k\u00fcmblust\u00fcnnid","potentialAction":[{"@type":"SearchAction","target":{"@type":"EntryPoint","urlTemplate":"https:\/\/suveleht.ee\/?s={search_term_string}"},"query-input":{"@type":"PropertyValueSpecification","valueRequired":true,"valueName":"search_term_string"}}],"inLanguage":"en-US"}]}},"_links":{"self":[{"href":"https:\/\/suveleht.ee\/en\/wp-json\/wp\/v2\/product\/5342","targetHints":{"allow":["GET"]}}],"collection":[{"href":"https:\/\/suveleht.ee\/en\/wp-json\/wp\/v2\/product"}],"about":[{"href":"https:\/\/suveleht.ee\/en\/wp-json\/wp\/v2\/types\/product"}],"wp:featuredmedia":[{"embeddable":true,"href":"https:\/\/suveleht.ee\/en\/wp-json\/wp\/v2\/media\/5349"}],"wp:attachment":[{"href":"https:\/\/suveleht.ee\/en\/wp-json\/wp\/v2\/media?parent=5342"}],"wp:term":[{"taxonomy":"product_brand","embeddable":true,"href":"https:\/\/suveleht.ee\/en\/wp-json\/wp\/v2\/product_brand?post=5342"},{"taxonomy":"product_cat","embeddable":true,"href":"https:\/\/suveleht.ee\/en\/wp-json\/wp\/v2\/product_cat?post=5342"},{"taxonomy":"product_tag","embeddable":true,"href":"https:\/\/suveleht.ee\/en\/wp-json\/wp\/v2\/product_tag?post=5342"}],"curies":[{"name":"wp","href":"https:\/\/api.w.org\/{rel}","templated":true}]}}

<p>* TASUTA TRANSPORT<br />
* Garantii 5 aastat<br />
Suvemajal on kaks eraldi ruumi. Teise ruumi ligipääs on avatumast ja valgusküllasemast topelt ustega suuremast ruumist. Vaheuks on täislaudisest. Sobib ideaalselt kodukontoriks. Komplekti kuulub põrand ja kõik paigalduseks vajalik. Katusekate ei kuulu komplekti.<br />
Tootmine kuni 6 nädalat.</p>
<p>Ehitus: Tuuletapiga nurgaühendus<br />
Seina paksus: 70 mm<br />
Seinamõõdud: 300&#215;560 cm<br />
Põranda pindala: 13.9 m2<br />
Viiluseina kõrgus: 244.8 cm<br />
Seina kõrgus: 217.6 cm<br />
Katuse üleulatus: 30 cm<br />
Katuse pindala: 22.32 m2<br />
Katusekalle: 10.5°<br />
Uks:<br />
1 x 1580 x 1865 mm<br />
1 x 827 x 1865 mm<br />
Aken:<br />
1 x 1021 x 1320 mm<br />
Pakend:<br />
630x114x91 cm 1895 kg</p>

<!-- This site is optimized with the Yoast SEO plugin v27.3 - https://yoast.com/product/yoast-seo-wordpress/ -->
<title>Suvemaja AIVE 13,9m2 - Suveleht</title>
<meta name="robots" content="index, follow, max-snippet:-1, max-image-preview:large, max-video-preview:-1" />
<link rel="canonical" href="https://suveleht.ee/toode/suvemaja-aive-139m2/" />
<meta property="og:locale" content="en_US" />
<meta property="og:type" content="article" />
<meta property="og:title" content="Suvemaja AIVE 13,9m2 - Suveleht" />
<meta property="og:description" content="* TASUTA TRANSPORT * Garantii 5 aastat Suvemajal on kaks eraldi ruumi. Teise ruumi ligipääs on avatumast ja valgusküllasemast topelt ustega suuremast ruumist. Vaheuks on täislaudisest. Sobib ideaalselt kodukontoriks. Komplekti kuulub põrand ja kõik paigalduseks vajalik. Katusekate ei kuulu komplekti.  Tootmine kuni 6 nädalat.  Ehitus: Tuuletapiga nurgaühendus Seina paksus: 70 mm Seinamõõdud: 300x560 cm Põranda pindala: 13.9 m2 Viiluseina kõrgus: 244.8 cm Seina kõrgus: 217.6 cm Katuse üleulatus: 30 cm Katuse pindala: 22.32 m2 Katusekalle: 10.5° Uks:  1 x 1580 x 1865 mm 1 x 827 x 1865 mm  Aken:  1 x 1021 x 1320 mm  Pakend:  630x114x91 cm 1895 kg" />
<meta property="og:url" content="https://suveleht.ee/toode/suvemaja-aive-139m2/" />
<meta property="og:site_name" content="Suveleht" />
<meta property="article:modified_time" content="2026-02-26T09:00:39+00:00" />
<meta property="og:image" content="http://suveleht.ee/wp-content/uploads/2024/02/aivetaust-scaled.jpg" />
	<meta property="og:image:width" content="2560" />
	<meta property="og:image:height" content="1708" />
	<meta property="og:image:type" content="image/jpeg" />
<meta name="twitter:card" content="summary_large_image" />
<meta name="twitter:label1" content="Est. reading time" />
	<meta name="twitter:data1" content="1 minute" />
<script type="application/ld+json" class="yoast-schema-graph">{"@context":"https:\/\/schema.org","@graph":[{"@type":"WebPage","@id":"https:\/\/suveleht.ee\/toode\/suvemaja-aive-139m2\/","url":"https:\/\/suveleht.ee\/toode\/suvemaja-aive-139m2\/","name":"Suvemaja AIVE 13,9m2 - Suveleht","isPartOf":{"@id":"https:\/\/suveleht.ee\/#website"},"primaryImageOfPage":{"@id":"https:\/\/suveleht.ee\/toode\/suvemaja-aive-139m2\/#primaryimage"},"image":{"@id":"https:\/\/suveleht.ee\/toode\/suvemaja-aive-139m2\/#primaryimage"},"thumbnailUrl":"https:\/\/suveleht.ee\/wp-content\/uploads\/2024\/02\/aivetaust-scaled.jpg","datePublished":"2024-02-08T15:00:00+00:00","dateModified":"2026-02-26T09:00:39+00:00","breadcrumb":{"@id":"https:\/\/suveleht.ee\/toode\/suvemaja-aive-139m2\/#breadcrumb"},"inLanguage":"en-US","potentialAction":[{"@type":"ReadAction","target":["https:\/\/suveleht.ee\/toode\/suvemaja-aive-139m2\/"]}]},{"@type":"ImageObject","inLanguage":"en-US","@id":"https:\/\/suveleht.ee\/toode\/suvemaja-aive-139m2\/#primaryimage","url":"https:\/\/suveleht.ee\/wp-content\/uploads\/2024\/02\/aivetaust-scaled.jpg","contentUrl":"https:\/\/suveleht.ee\/wp-content\/uploads\/2024\/02\/aivetaust-scaled.jpg","width":2560,"height":1708},{"@type":"BreadcrumbList","@id":"https:\/\/suveleht.ee\/toode\/suvemaja-aive-139m2\/#breadcrumb","itemListElement":[{"@type":"ListItem","position":1,"name":"Home","item":"https:\/\/suveleht.ee\/"},{"@type":"ListItem","position":2,"name":"Tooted","item":"https:\/\/suveleht.ee\/tooted\/"},{"@type":"ListItem","position":3,"name":"Suvemaja AIVE 13,9m2"}]},{"@type":"WebSite","@id":"https:\/\/suveleht.ee\/#website","url":"https:\/\/suveleht.ee\/","name":"Suveleht","description":"Eestis toodetud aiamajad, mänguväljakud ja kümblustünnid","potentialAction":[{"@type":"SearchAction","target":{"@type":"EntryPoint","urlTemplate":"https:\/\/suveleht.ee\/?s={search_term_string}"},"query-input":{"@type":"PropertyValueSpecification","valueRequired":true,"valueName":"search_term_string"}}],"inLanguage":"en-US"}]}</script>
<!-- / Yoast SEO plugin. -->

* TASUTA TRANSPORT * Garantii 5 aastat Suvemajal on kaks eraldi ruumi. Teise ruumi ligipääs on avatumast ja valgusküllasemast topelt ustega suuremast ruumist. Vaheuks on täislaudisest. Sobib ideaalselt kodukontoriks. Komplekti kuulub põrand ja kõik paigalduseks vajalik. Katusekate ei kuulu komplekti.  Tootmine kuni 6 nädalat.  Ehitus: Tuuletapiga nurgaühendus Seina paksus: 70 mm Seinamõõdud: 300x560 cm Põranda pindala: 13.9 m2 Viiluseina kõrgus: 244.8 cm Seina kõrgus: 217.6 cm Katuse üleulatus: 30 cm Katuse pindala: 22.32 m2 Katusekalle: 10.5° Uks:  1 x 1580 x 1865 mm 1 x 827 x 1865 mm  Aken:  1 x 1021 x 1320 mm  Pakend:  630x114x91 cm 1895 kg

Eestis toodetud aiamajad, mänguväljakud ja kümblustünnid
